 = i - -30. What is o(v)?
15
Let t(r) = -r**3 + 5*r**2 + 4. Let c be t(5). Let w(n) = c*n - 2*n - n**2 - 1 - 5*n**2. Suppose -42*i + 46*i - 32 = 4*k, -17*i = -2*k - 151. What is w(k)?
-5
Let z be (-3)/(9/(-10)) + (-20)/(-30). Suppose 0 = -z*y - 3*y + 14. Let p(i) = 22 - y*i - 3*i - 23. Calculate p(-2).
9
Let p(n) be the third derivative of -n**6/120 - 7*n**5/60 - n**4/6 + n**3 + n**2. Suppose 19*l - 12*l + 16 = 2*f, 0 = f - 5*l - 14. What is p(f)?
-6
Let w = 504 - 501. Let b(f) = 8 + 8 - w + 6 + 21*f - 18. Calculate b(1).
22
Let g be 9/32*(-4)/6*(-536)/1206. Let z(j) be the second derivative of 5*j**2 + 3/2*j**3 + 0 + g*j**4 - 20*j. What is z(-7)?
-4
Let u be (-296)/(-6)*(-6)/4. Suppose 14*b - 15 = -71. Let y be 0 + b/26 + u/26. Let n(f) = f**3 + 2*f**2 - 2*f - 3. Give n(y).
-6
Suppose -10 = -l + 38. Suppose -12*o = 24 + l. Let x(f) = -f**3 - 7*f**2 - 4*f + 7. What is x(o)?
-5
Let k(o) be the second derivative of 5*o**4/12 - o**3/6 + 159*o. Let a = -60 - -44. Let j be (a/(-4) + -3)*-1. Determine k(j).
6
Let p(k) be the third derivative of -k**5/60 - 3*k**4/2 + 19*k**3/6 - 5566*k**2. Determine p(-37).
-18
Let h(v) = -35*v + 31. Let k be h(2). Let w = 35 + k. Let t(c) = -c**3 - 4*c**2 - 2*c - 4. Calculate t(w).
4
Let l(x) = -x - 11. Let k be 2/(-17) - (5 + 138/(-17)). Suppose 0 = -k*f - 7 - 20. What is l(f)?
-2
Let x(t) = -t**2 - 2*t + 12. Let q be (-216)/(-192)*40/(-5). What is x(q)?
-51
Let p be 8*(2 - -2)/8. Suppose -12 + 0 = -5*h + v, -p*h + v + 10 = 0. Let m(c) = 0*c - 40*c**h - 4*c + 38*c**2 - c + 4. What is m(-4)?
-8
Let l = 26254 + -630095/24. Let d(o) be the third derivative of -o**2 + 0 - l*o**4 + 0*o - 5/6*o**3. Give d(-4).
-1
Let q(n) = 12*n + 1. Let j(s) = 70*s - 15. Let k(r) = j(r) - 6*q(r). Calculate k(-21).
21
Let r(d) be the second derivative of -d**6/360 + 3*d**5/40 - 19*d**4/12 - 92*d. Let g(x) be the third derivative of r(x). Calculate g(5).
-1
Let b(i) = -4*i**2 - 10*i + 495. Let z(p) = -p**2 - 2*p + 122. Let n(f) = -4*b(f) + 17*z(f). Give n(-7).
3
Let u(o) = 4 + 3*o + 1 + 4*o. Suppose -5*c + 4*p - 57 = 0, -2*c + 2*p - 34 = -p. Give u(c).
-30
Let y = -58 + 49. Let a(z) = 2*z**2 + 17*z + 1. Let g be a(y). Suppose 5*q - 7*w - 5 = -2*w, -5*q = -2*w + g. Let v(s) = -s**2 - 2*s + 2. Determine v(q).
-6
Let q(m) = 2*m + 14. Suppose -j + l = 5 + 4, -j - 4*l = -26. Give q(j).
10
Let a(b) = -10*b**2 - b + 2. Suppose -16*r - 73*r - 44 = -222. Give a(r).
-40
Let a(g) = 2*g**2 - g + 1. Let l(t) = t**3 + 2*t**2. Let r = 166 - 163. Let v(j) = r*a(j) - 2*l(j). Calculate v(2).
-11
Let z(x) be the third derivative of -x**6/120 + x**5/12 + x**4/24 - x**3/2 - x**2. Suppose 422*r + 2155 = 853*r. What is z(r)?
2
Let o = -47063 - -47058. Let f(k) = -2*k + 6 + 2*k**2 + 0*k**2 - 3*k**2. Determine f(o).
-9
Let y(i) be the third derivative of -i**6/120 + 4*i**5/15 + i**4/24 - 3*i**3 + 1244*i**2 - 2*i. Determine y(16).
-2
Let c(x) be the second derivative of x**4/6 - x**3/3 - 7*x**2/2 + 2*x + 50. Give c(-2).
5
Let a(p) be the second derivative of -p**4/4 - 9*p**2 - 1393*p. Calculate a(0).
-18
Let l(z) = -105 + 9*z + 8*z + 309 - 144. Give l(-8).
-76
Let c be (-5 + 3/1)/1*11. Let g be (-264)/48*24/c. Let f(n) = -3*n + 3. Calculate f(g).
-15
Let t(u) = 7*u - 35 - 3*u + 84 - 31 + 6*u**2 - 32. What is t(2)?
18
Let m(g) = g**3 - 12*g**2 + 23*g - 23. Let c be m(10). Let h(k) = k**2 + 0*k - 3*k + 7 + c*k + 7*k. Determine h(-10).
-3
Let b be 12/(-5) + 2/5. Let m(u) be the third derivative of -u**4/4 - u**3/2 + 8*u**2 + 102. Calculate m(b).
9
Let b(f) = f**3 - 5*f**2 + 3*f. Let p be b(5). Let d be (-350)/105*(-6)/5. Suppose o + d*o = p. Let h(r) = -r**3 + 4*r**2 - 3*r + 2. Determine h(o).
2
Let n(g) = g**3 - 14*g**2 - g + 16. Suppose 4*j - 59 = -3. Let s be n(j). Let u(t) = t**3 + 5*t + 5 - 2 - t + t - 7*t**s. What is u(6)?
-3
Let n(o) = -o - 1. Let d be n(5). Suppose 2*y + 5*w + 6 = 0, -3 = 5*y - 5*w - 23. Let l(h) = -23*h + 59*h + h**y - 30*h. Calculate l(d).
0
Let i(o) = 2*o**2 + 12*o + 2. Suppose -764*k = -712*k + 260. Determine i(k).
-8
Let n(r) = 18*r**2 + 10*r + 3. Let f(d) = 10*d**2 + 5*d + 2. Suppose -11*a = -14 - 30. Let h(u) = a*n(u) - 7*f(u). Calculate h(-4).
10
Let g(m) = 6 + 1521*m**3 + m - 3036*m**3 + 25 - 2*m**2 + 1516*m**3. Calculate g(0).
31
Suppose 129 - 45 = 28*h. Suppose -4*k + 22*r = 23*r - 12, 0 = -3*k + h*r + 9. Let d(x) = 3*x - 6. Calculate d(k).
3
Let z(o) = -3*o**3 - 20*o**2 - 7*o + 24. Let l(q) = -7*q**3 - 41*q**2 - 15*q + 43. Let b(c) = -4*l(c) + 9*z(c). Determine b(16).
-4
Let b(v) = v**2 - 6*v - 4. Let n be b(-2). Suppose -2*o + n - 8 = 0. Let j(w) = w - 1. Give j(o).
1
Let l(j) = -4*j - 36. Let p(u) = -42*u - 2332. Let t be p(-55). What is l(t)?
52
Suppose -339842 = -8*q - 39154. Let o(b) = -3*b**2 - 37586*b + q*b - 2*b**2 + b**3 + 12. Determine o(5).
12
Let w(x) = -9*x**3 + 1. Let d(a) = 3*a**3 - 2*a**2 + 4*a - 4. Let y be -2 + (-3 - -2) + 4. Let m be d(y). Determine w(m).
-8
Let m(y) be the first derivative of -y**4/12 + 5*y**3/6 + 3*y**2 + 75*y + 8. Let w(c) be the first derivative of m(c). What is w(6)?
0
Suppose 533 = t - 5*t + 521. Let p(b) = -b**3 - 2*b**2 + 3*b + 7. Give p(t).
7
Let y(b) = -7*b**2 + 3*b - 1. Let d(z) = 13*z**2 + 13*z - 11. Let u(n) = -d(n) - 2*y(n). Give u(18).
-5
Suppose -2*t - t - 336 = 0. Let y = t - -63. Let z = -51 - y. Let c(a) = -a - 4. Give c(z).
-2
Let w(k) = -k**3 + 6*k**2 - k + 1. Let z(i) = -3*i - 8. Let o be z(-4). Let q be ((-1)/2)/(-1)*(-4 + o). Suppose q = 12*f - 24 - 48. What is w(f)?
-5
Let q(i) = 5*i + 6. Let k = -80 - -83. Let y be k/(-6) - (-45)/6*1. Determine q(y).
41
Suppose -5*n + 26*t + 50 = 29*t, 3*t = 2*n + 1. Let b(z) = z**2 + 6*z - 5. Let m(r) = r**2 + 4*r - 6. Let k(f) = -4*b(f) + 5*m(f). Calculate k(n).
11
Let o(r) = -48*r - 5. Let w(d) be the third derivative of d**4/2 + d**3/6 + 71*d**2. Let c be (2/2)/(1/(-2)). Let k(a) = c*o(a) - 9*w(a). Calculate k(-1).
13
Let r(n) = n - 41312 + 41312 - n**2. Suppose -3*o = -3*v + 2*v - 17, v - 23 = -5*o. Give r(v).
-6
Let r(c) = -3*c**3 - 14*c**2 - 9*c + 11. Let y(q) = 8*q**3 + 40*q**2 + 24*q - 33. Let a(i) = 11*r(i) + 4*y(i). Calculate a(5).
-1
Let b(a) be the second derivative of -a**4/12 - 13*a**3/6 - 15*a**2 + 2991*a. Determine b(-3).
0
Let s(l) = l**2 - 76*l + 712. Let q(r) = 2*r**3 - 3*r**2 + 621*r - 1235. Let b be q(2). Give s(b).
-3
Let x(f) = 2 + 5 + 0 - 8 - 98*f + f**2 + 97*f. Calculate x(-2).
5
Let y(z) = -32*z - 2. Let b(h) = -184*h - 66. Let v(w) = b(w) - 6*y(w). Give v(9).
18
Let n(w) = w + 6. Let r = -38 + 38. Suppose 4*b + 2*i - 20 = r, -7*i + 2*i = -20. Suppose 6*j - b*j = -9. What is n(j)?
3
Let a(z) = -13*z**3 - 9*z**2 + 4*z + 12. Let u(p) = 8*p**3 + 4*p**2 - p - 5. Let w(b) = 3*a(b) + 5*u(b). Give w(5).
-4
Let x(w) = -w**2 + w + 1. Let k(v) = -4*v**2 + 12*v - 3. Let y(b) = -k(b) + 5*x(b). Let i(r) = -r**3 + 5*r**2 + 6*r - 9. Let n be i(6). Determine y(n).
-10
Let w(h) = 2*h**3 - 16*h**2 + 9*h - 30. Let j be w(8). Let f(g) = -51 - g**2 + g + 97 - j. Calculate f(3).
-2
Let v = -4626 + 4630. Let b(c) = 17*c - 5. Calculate b(v).
63
Let i(l) be the second derivative of l**5/20 - 3*l**4/4 - 13*l**3/6 + 6*l**2 - 694*l. Calculate i(10).
-18
Let c(r) = -4*r**2 + r + 1. Suppose -353*l - 83*l = -1308. Calculate c(l).
-32
Suppose 0 = 2*j - 5*h - 39, 4*j + 2*h - 127 = -109. Let f(w) = w**3 - 7*w**2 + 2. Calculate f(j).
2
Let b = 1585 - 1595. Let q(p) = 2*p - 8. Determine q(b).
-28
Suppose 173 + 99 = 16*y. Let i(j) = 5*j - y*j - 2 + 14*j. Calculate i(-4).
-10
Suppose -3*h + 6*h - 9 = 0. Let i(x) = -x**3 - 8*x**2 - 5*x - 120. Let v be i(-9). Let f(c) = -3 + v - c - h + 3. Calculate f(4).
-1
Let c(v) = -v**3 - 6*v**2 - 13*v - 13. Suppose 0 = -17*u + 22*u + 2*q + 10, -15 = -3*q. Calculate c(u).
7
Let r(q) = -q**2 - 3*q - 1. Suppose 117*f = 119*f - 4. Suppose i - 6 = f*p, 3*i = 4*p + 16 - 6. Give r(i).
1
Suppose 11*n + 194 = 112 + 148. Let i(r) = -19*r + 113. What is i(n)?
-1
Let q(v) be the third derivative of 0 + v + 1/24*v**4 - 1/6*v**3 - 1/60*v**5 - 15*v**2 + 1/40*v**6. What is q(1)?
2
Let z(r) = -654*r**2 + 10*r - 7*r - 1 + 653*r**2. Suppose -2*x + 16 = -a, 4*x - a - 42 = -4*a. Suppose g = -4*p - x, 3*g - p = -0*g + 12. Determine z(g).
-1
Let v(j) = -j**2 + 4*j - 8. Let x = 2867 - 2863. What is v(x)?
-8
Let h(l) = l**2 + 68*